In base 4, what is 10101 + 2221301031?
2221311132
In base 12, what is -3133017 - -7?
-3133010
In base 5, what is -10344214 - -2420?
-10341244
In base 11, what is 78a + -9672?
-8993
In base 2, what is -11111 - 110111101101000110110?
-110111101101001010101
In base 13, what is 425 - -23bb?
2813
In base 11, what is -64261a + -2?
-642621
In base 11, what is -6049 - -585?
-5574
In base 16, what is 4 - 96da90c?
-96da908
In base 13, what is 51aac68 - 5?
51aac63
In base 11, what is 33309530 + -4?
33309527
In base 2, what is 100011010100 - 111001101100111?
-110101010010011
In base 11, what is -28 - 46210a?
-462137
In base 8, what is 43 + -2767635?
-2767572
In base 13, what is 1 + -1090293?
-1090292
In base 12, what is 577b743 + -4?
577b73b
In base 11, what is 12469916 - 4?
12469912
In base 7, what is -6433 + -341423?
-351156
In base 7, what is -205 + -6465243?
-6465451
In base 13, what is -6b8 - 15bb?
-1ca6
In base 9, what is -86483 - 2024?
-88517
In base 6, what is -220225 + 333115?
112450
In base 8, what is 76 + -153723540?
-153723442
In base 5, what is -2324 + -23103434?
-23111313
In base 7, what is 25 - 2401634?
-2401606
In base 13, what is 1431b78 - 35?
1431b43
In base 7, what is 25 - 224413?
-224355
In base 8, what is 230063 - -32231?
262314
In base 12, what is 9 + 82b801?
82b80a
In base 16, what is 9f328d + -2?
9f328b
In base 9, what is -2732 - 8732?
-12564
In base 6, what is 23442125033 - -2?
23442125035
In base 16, what is -441a0f8 + 1?
-441a0f7
In base 6, what is -1024305043 + 2?
-1024305041
In base 12, what is 4031 - -6996?
aa07
In base 12, what is -4 - 26a91328?
-26a91330
In base 11, what is -a - 396a25?
-396a34
In base 2, what is -1101101010110111000001 - -11?
-1101101010110110111110
In base 4, what is 21 - 20210232032?
-20210232011
In base 9, what is 3 - 5817283?
-5817280
In base 5, what is 42034214 - -221?
42034440
In base 13, what is -a + 14c583c?
14c5832
In base 14, what is -1705cc + -14?
-170602
In base 6, what is -1225343 - -430?
-1224513
In base 11, what is a10873 + -a8?
a10776
In base 16, what is 1 - -98a4f?
98a50
In base 4, what is -10232313 - -20210?
-10212103
In base 4, what is -10 - 222333030?
-222333100
In base 8, what is 635140435 + 0?
635140435
In base 12, what is -20 + -3202789?
-32027a9
In base 8, what is 4 + -16020143?
-16020137
In base 9, what is 12161 - -733?
13004
In base 14, what is -47 - 5b79?
-5bc2
In base 13, what is 1ca48a + -4?
1ca486
In base 12, what is 8 + 919118?
919124
In base 6, what is -101 - -4233113?
4233012
In base 16, what is -253 + -4be1?
-4e34
In base 8, what is 45612713 + 2?
45612715
In base 11, what is -2765156 + 30?
-2765126
In base 6, what is -2 - -31443524?
31443522
In base 9, what is -55 - 566685?
-566751
In base 15, what is 16e + 20778c?
20790b
In base 4, what is 3 - -210222011311?
210222011320
In base 14, what is 49726c + -22?
49724a
In base 7, what is 2513525 + 33?
2513561
In base 15, what is 4 - a6445?
-a6441
In base 12, what is -4 + -676247?
-67624b
In base 12, what is -1 + 107b831?
107b830
In base 7, what is -10 + -1004142524?
-1004142534
In base 14, what is 20763 - 2bc?
20485
In base 5, what is 1214022 - -2303?
1221330
In base 11, what is -3a52 + -33?
-3a85
In base 9, what is -2614 + -12261?
-14875
In base 8, what is -256142 - 577?
-256741
In base 7, what is -5220640 + 241?
-5220366
In base 16, what is -4 + -5e15e7?
-5e15eb
In base 10, what is 2 - 14842829?
-14842827
In base 7, what is 1 + 35324150?
35324151
In base 12, what is -43913824 + 3?
-43913821
In base 9, what is 2 + -17886757?
-17886755
In base 5, what is -2 - 2113302043?
-2113302100
In base 8, what is 106 - -402343?
402451
In base 15, what is de4 - -3d30?
4c24
In base 4, what is 32132312 - 2222322?
23303330
In base 8, what is -4217156 + -312?
-4217470
In base 14, what is 25 - -7354b?
73572
In base 4, what is -1130300032 - -130201?
-1130103231
In base 14, what is 6b2 + 1d85?
2657
In base 13, what is 24 + 48b3a8?
48b3cc
In base 2, what is -100100 + 1001111101000110011?
1001111101000001111
In base 16, what is 36e9684 + -8?
36e967c
In base 9, what is 38712 + 74?
38786
In base 14, what is -82 + -696bd?
-69761
In base 15, what is -146 + -4955?
-4a9b
In base 15, what is -6 - -269217?
269211
In base 4, what is 2212221013230 + 11?
2212221013301
In base 3, what is 11 + -101111101221122?
-101111101221111
In base 8, what is -2043241703 - 5?
-2043241710
In base 6, what is 512222 - -430?
513052
In base 6, what is -21353444411 + 0?
-21353444411
In base 15, what is -a5c555d - 2?
-a5c5560
In base 10, what is 193632 - -3079?
196711
In base 10, what is -32 - -1034269?
1034237
In base 15, what is 3 + 1b2537a?
1b2537d
In base 16, what is -129bc32c - 6?
-129bc332
In base 5, what is 1 - -230311124?
230311130
In base 10, what is 3586655 + 1?
3586656
In base 6, what is 15443233 - -141?
15443414
In base 13, what is -10 + 1945739?
1945729
In base 6, what is -2110213 - -300?
-2105513
In base 2, what is 110110010001011000010110 - -1000?
110110010001011000011110
In base 4, what is 2011230303132 - -1?
2011230303133
In base 16, what is 3865 + 7a2?
4007
In base 10, what is 193113 - -217?
193330
In base 15, what is 2 - 6512c9a?
-6512c98
In base 14, what is -257 - 21a467?
-21a6c0
In base 11, what is 4 + 4745050?
4745054
In base 14, what is 2 - a4c3b89?
-a4c3b87
In base 2, what is 110110101100 - -111001010100011100?
111010001011001000
In base 15, what is -45c + 54b4?
5057
In base 12, what is 38893a2 - 3?
388939b
In base 10, what is 27 - -51195884?
51195911
In base 4, what is 311231220032 - 1?
311231220031
In base 12, what is ab - -504336?
504425
In base 12, what is 203870 + -1?
20386b
In base 15, what is 507 + 3d5b?
4363
In base 4, what is -113003 - -221302?
102233
In base 13, what is 573638 + 55?
573690
In base 2, what is -100 + 1110000001111110010100?
1110000001111110010000
In base 4, what is 1320211201130 - 11?
1320211201113
In base 12, what is 2 + 93b09?
93b0b
In base 13, what is -50 + -70b065?
-70b0b5
In base 8, what is 5 - -54327423?
54327430
In base 7, what is -56010205 + -15?
-56010223
In base 12, what is -103 + -97086a?
-970971
In base 2, what is -10001110110001100 + -11101111110111?
-10101100110000011
In base 14, what is -449 + 18368b?
183242
In base 10, what is -318 - 1101481?
-1101799
In base 3, what is 101020 - -1220210011?
1221011101
In base 13, what is -b0b15 - 1?
-b0b16
In base 4, what is -2010331221112 - 13?
-2010331221131
In base 11, what is -53881a - 107a?
-539899
In base 12, what is 1a435517 - 0?
1a435517
In base 9, what is -46 + 4305707?
4305651
In base 4, what is -2 - 23032100001?
-23032100003
In base 4, what is -2333032 - 3220?
-3002312
In base 4, what is -102332 - -1321033?
1212101
In base 11, what is -16 + 20827818?
20827802
In base 15, what is 2d2e - da?
2c44
In base 14, what is 0 - -7c9884?
7c9884
In base 14, what is a57d98 - -1?
a57d99
In base 7, what is -2302 + 220046?
214444
In base 8, what is 1557422713 - -4?
1557422717
In base 9, what is 82505 - 312?
82183
In base 2, what is 11111011000111001101100110001 + -100?
11111011000111001101100101101
In base 2, what is 1111110011110 + 10011111001000?
100011101100110
In base 14, what is 4 - 5766964?
-5766960
In base 5, what is -10 - -1343234401?
1343234341
In base 6, what is 34 - 2310503244?
-2310503210
In base 7, what is -103 + 6162333?
6162230
In base 4, what is -2 + -211220022302?
-211220022310
In base 7, what is 14042 - 146035?
-131663
In base 9, what is -3 - 332508357?
-332508361
In base 5, what is 3134 + 1314114?
1322303
In base 3, what is -2112001010012 - 212?
-2112001011001
In base 7, what is 250 + 106513650?
106514230
In base 10, what is 5 + 8212057?
8212062
In base 9, what is 721 - 6776?
-6055
In base 16, what is d + 34a38d?
34a39a
In base 8, what is -4076 - 222510?
-226606
In base 9, what is -1 + -122447154?
-122447155
In base 7, what is 10225 + -2535?
4360
In base 10, what is -1268 - 16098?
-17366
In base 4, what is -11203021232 - 11?
-11203021303
In base 14, what is -42c505 - 82?
-42c587
In base 8, what is 2407011 + -1?
2407010
In base 3, what is 2 + -1211200200000?
-1211200122221
In base 12, what is 10 + 60a84?
60a94
In base 15, what is 54b4 - -162e0?
1b7a4
In base 13, what is -3abcb3a5 + 5?
-3abcb3a0
In base 8, what is 4 - 1656150?
-1656144
In base 2, what is -101 + -101111